
3, 17, 23, 18043
What are the prime factors of 2675041?
271, 9871
What are the prime factors of 425181?
3, 239, 593
What are the prime factors of 3101654?
2, 1550827
What are the prime factors of 535466?
2, 17, 15749
What are the prime factors of 180846?
2, 3, 17, 197
What are the prime factors of 2296308?
2, 3, 7, 27337
What are the prime factors of 3667798?
2, 19, 263, 367
List the prime factors of 124284.
2, 3, 10357
List the prime factors of 4626272.
2, 7, 19, 1087
What are the prime factors of 1532681?
1532681
What are the prime factors of 889410?
2, 3, 5, 23, 1289
List the prime factors of 110503.
110503
What are the prime factors of 203579?
203579
List the prime factors of 2220079.
193, 11503
List the prime factors of 1334354.
2, 7, 95311
What are the prime factors of 178139?
13, 71, 193
What are the prime factors of 261983?
261983
What are the prime factors of 59975?
5, 2399
What are the prime factors of 3951321?
3, 11, 119737
List the prime factors of 669124.
2, 409
List the prime factors of 1341004.
2, 7, 47, 1019
What are the prime factors of 12087190?
2, 5, 23, 52553
What are the prime factors of 14668124?
2, 3667031
List the prime factors of 18957892.
2, 4739473
List the prime factors of 3772433.
7, 43, 83, 151
List the prime factors of 3256837.
83, 39239
What are the prime factors of 10764650?
2, 5, 13, 16561
List the prime factors of 5944718.
2, 13, 23, 9941
List the prime factors of 6143848.
2, 89, 8629
What are the prime factors of 1449962?
2, 71, 10211
List the prime factors of 345071.
29, 73, 163
List the prime factors of 1399649.
463, 3023
List the prime factors of 310407.
3, 107, 967
List the prime factors of 167944.
2, 7, 2999
List the prime factors of 325165.
5, 65033
What are the prime factors of 17312018?
2, 17, 479, 1063
List the prime factors of 301554.
2, 3, 11, 1523
What are the prime factors of 19630?
2, 5, 13, 151
What are the prime factors of 196780?
2, 5, 9839
What are the prime factors of 6361734?
2, 3, 59, 17971
List the prime factors of 2341385.
5, 468277
List the prime factors of 3840875.
5, 30727
What are the prime factors of 582855?
3, 5, 7, 13, 61
What are the prime factors of 9035339?
181, 49919
List the prime factors of 8631010.
2, 5, 229, 3769
What are the prime factors of 205546?
2, 11, 9343
What are the prime factors of 1241784?
2, 3, 5749
List the prime factors of 1957732.
2, 7, 29, 2411
List the prime factors of 328885.
5, 65777
What are the prime factors of 8737676?
2, 47, 46477
List the prime factors of 398090.
2, 5, 7, 11, 47
What are the prime factors of 1455337?
13, 111949
List the prime factors of 104464.
2, 6529
List the prime factors of 1417551.
3, 131, 3607
What are the prime factors of 560158?
2, 19, 14741
What are the prime factors of 80642?
2, 61, 661
What are the prime factors of 1456959?
3, 7, 69379
List the prime factors of 1130351.
1130351
What are the prime factors of 11599149?
3, 397, 9739
List the prime factors of 1153982.
2, 277, 2083
List the prime factors of 140648.
2, 17581
What are the prime factors of 1573107?
3, 524369
List the prime factors of 8794419.
3, 37, 79229
List the prime factors of 1981292.
2, 495323
What are the prime factors of 196547?
13, 1163
List the prime factors of 5260476.
2, 3, 13, 33721
What are the prime factors of 7221433?
103, 70111
What are the prime factors of 1151459?
83, 13873
List the prime factors of 428608.
2, 37, 181
What are the prime factors of 8648377?
463, 18679
List the prime factors of 118998.
2, 3, 11, 601
What are the prime factors of 615713?
7, 87959
List the prime factors of 39123524.
2, 11, 889171
List the prime factors of 5101706.
2, 2550853
List the prime factors of 76325.
5, 43, 71
List the prime factors of 339827.
339827
What are the prime factors of 1126922?
2, 173, 3257
List the prime factors of 2057996.
2, 514499
List the prime factors of 13133985.
3, 5, 257, 3407
What are the prime factors of 150697?
150697
What are the prime factors of 2737294?
2, 7, 43, 4547
List the prime factors of 3656554.
2, 11, 166207
List the prime factors of 8791449.
3, 2930483
What are the prime factors of 6475174?
2, 601, 5387
What are the prime factors of 244823?
47, 5209
What are the prime factors of 779611?
7, 111373
List the prime factors of 27705.
3, 5, 1847
What are the prime factors of 106018?
2, 11, 61, 79
What are the prime factors of 181919?
181919
What are the prime factors of 492244?
2, 109, 1129
List the prime factors of 1022296.
2, 11, 11617
List the prime factors of 133802.
2, 149, 449
What are the prime factors of 175862?
2, 87931
List the prime factors of 1755441.
3, 195049
List the prime factors of 431674.
2, 101, 2137
What are the prime factors of 63429?
3, 21143
List the prime factors of 649949.
179, 3631
List the prime factors of 325671.
3, 108557
List the prime factors of 245130.
2, 3, 5, 8171
What are the prime factors of 278707?
11, 13, 1949
List the prime factors of 170819.
11, 53, 293
What are the prime factors of 484052?
2, 121013
What are the prime factors of 596341?
596341
List the prime factors of 421428.
2, 3, 7, 29, 173
List the prime factors of 1595978.
2, 109, 7321
List the prime factors of 10770779.
10770779
List the prime factors of 4359665.
5, 89, 97, 101
What are the prime factors of 3437694?
2, 3, 13, 59, 83
List the prime factors of 1949445.
3, 5, 43321
List the prime factors of 3361808.
2, 210113
List the prime factors of 697969.
17, 41057
What are the prime factors of 1844412?
2, 3, 153701
List the prime factors of 973669.
973669
What are the prime factors of 540892?
2, 11, 19, 647
What are the prime factors of 412640?
2, 5, 2579
List the prime factors of 2714315.
5, 619, 877
What are the prime factors of 141976?
2, 17747
What are the prime factors of 38692688?
2, 2418293
What are the prime factors of 144324?
2, 3, 19, 211
List the prime factors of 149403.
3, 49801
What are the prime factors of 233787?
3, 77929
What are the prime factors of 4267206?
2, 3, 237067
List the prime factors of 4765140.
2, 3, 5, 23, 1151
What are the prime factors of 3811?
37, 103
List the prime factors of 246566.
2, 113, 1091
List the prime factors of 290610.
2, 3, 5, 3229
What are the prime factors of 9207917?
9207917
List the prime factors of 742832.
2, 17, 2731
What are the prime factors of 2132090?
2, 5, 213209
What are the prime factors of 441782?
2, 11, 43, 467
List the prime factors of 35330.
2, 5, 3533
List the prime factors of 1049290.
2, 5, 11, 9539
What are the prime factors of 6381222?
2, 3, 17, 73, 857
List the prime factors of 285477.
3, 43, 2213
List the prime factors of 728268.
2, 3, 60689
What are the prime factors of 1123019?
101, 11119
What are the prime factors of 5864025?
3, 5, 41, 1907
What are the prime factors of 208459?
208459
What are the prime factors of 4442607?
3, 13, 4219
List the prime factors of 55306.
2, 27653
What are the prime factors of 2637340?
2, 5, 163, 809
List the prime factors of 4213718.
2, 691, 3049
What are the prime factors of 13439639?
17, 790567
List the prime factors of 17252.
2, 19, 227
List the prime factors of 16213270.
2, 5, 19, 85333
What are the prime factors of 30377864?
2, 11, 109, 3167
What are the prime factors of 56573?
11, 37, 139
What are the prime factors of 517876?
2, 129469
List the prime factors of 775110.
2, 3, 5, 7, 3691
List the prime factors of 84013.
29, 2897
What are the prime factors of 2948431?
563, 5237
List the prime factors of 7630345.
5, 1526069
What are the prime factors of 4776537?
3, 379, 4201
What are the prime factors of 6765527?
6765527
What are the prime factors of 4515268?
2, 17, 23, 2887
What are the prime factors of 9559721?
9559721
List the prime factors of 18250766.
2, 151, 223, 271
What are the prime factors of 655508?
2, 7, 41, 571
List the prime factors of 6764479.
31, 7039
What are the prime factors of 196103?
41, 4783
What are the prime factors of 305608?
2, 38201
List the prime factors of 1536590.
2, 5, 11, 61, 229
What are the prime factors of 453976?
2, 56747
List the prime factors of 454324.
2, 13, 8737
List the prime factors of 6272562.
2, 3, 1045427
List the prime factors of 9812067.
3, 37, 88397
List the prime factors of 477686.
2, 11, 21713
What are the prime factors of 564755?
5, 112951
What are the prime factors of 30